s digit of 255555?
5
What is the tens digit of 4547264?
6
What is the hundreds digit of 428568?
5
What is the hundreds digit of 1549305?
3
What is the tens digit of 5191158?
5
What is the units digit of 323146?
6
What is the hundreds digit of 14634743?
7
What is the units digit of 920804?
4
What is the hundreds digit of 60274?
2
What is the units digit of 4349575?
5
What is the tens digit of 300580?
8
What is the hundreds digit of 1856963?
9
What is the hundred thousands digit of 306764?
3
What is the hundred thousands digit of 769014?
7
What is the thousands digit of 655191?
5
What is the hundred thousands digit of 443547?
4
What is the hundred thousands digit of 1963929?
9
What is the ten millions digit of 24726997?
2
What is the tens digit of 11334425?
2
What is the thousands digit of 338345?
8
What is the ten thousands digit of 1482689?
8
What is the millions digit of 8298328?
8
What is the units digit of 272563?
3
What is the thousands digit of 95030?
5
What is the hundred thousands digit of 204485?
2
What is the tens digit of 460494?
9
What is the thousands digit of 2883?
2
What is the millions digit of 2461342?
2
What is the thousands digit of 52135?
2
What is the ten thousands digit of 24038?
2
What is the units digit of 900011?
1
What is the thousands digit of 476167?
6
What is the tens digit of 109450?
5
What is the ten thousands digit of 266374?
6
What is the thousands digit of 762043?
2
What is the tens digit of 21018576?
7
What is the ten thousands digit of 15047373?
4
What is the units digit of 437498?
8
What is the ten thousands digit of 153674?
5
What is the tens digit of 66991?
9
What is the thousands digit of 110086?
0
What is the hundreds digit of 550709?
7
What is the thousands digit of 16490758?
0
What is the ten millions digit of 27909804?
2
What is the ten thousands digit of 144284?
4
What is the thousands digit of 71948?
1
What is the ten thousands digit of 905463?
0
What is the units digit of 21051003?
3
What is the tens digit of 10864704?
0
What is the thousands digit of 86411?
6
What is the tens digit of 81663?
6
What is the thousands digit of 151014?
1
What is the ten thousands digit of 540236?
4
What is the hundreds digit of 2630100?
1
What is the hundreds digit of 143796?
7
What is the thousands digit of 3098853?
8
What is the tens digit of 499965?
6
What is the hundred thousands digit of 722129?
7
What is the thousands digit of 2303225?
3
What is the hundreds digit of 1385660?
6
What is the units digit of 4957775?
5
What is the units digit of 12415?
5
What is the hundred thousands digit of 301051?
3
What is the hundreds digit of 3156139?
1
What is the hundreds digit of 7531043?
0
What is the tens digit of 448543?
4
What is the units digit of 26781?
1
What is the ten thousands digit of 314052?
1
What is the hundred thousands digit of 1816826?
8
What is the tens digit of 2595380?
8
What is the units digit of 623623?
3
What is the millions digit of 4117941?
4
What is the ten millions digit of 34802670?
3
What is the ten thousands digit of 7602253?
0
What is the thousands digit of 2658970?
8
What is the tens digit of 3925488?
8
What is the millions digit of 14070324?
4
What is the ten thousands digit of 2856046?
5
What is the thousands digit of 187933?
7
What is the thousands digit of 64094?
4
What is the tens digit of 1408863?
6
What is the hundred thousands digit of 1696916?
6
What is the thousands digit of 153182?
3
What is the ten thousands digit of 252802?
5
What is the thousands digit of 402604?
2
What is the hundreds digit of 816496?
4
What is the millions digit of 9777151?
9
What is the hundreds digit of 11538062?
0
What is the thousands digit of 1615436?
5
What is the thousands digit of 1035871?
5
What is the hundred thousands digit of 378268?
3
What is the thousands digit of 34774120?
4
What is the units digit of 22043704?
4
What is the hundred thousands digit of 1455466?
4
What is the hundreds digit of 4381616?
6
What is the thousands digit of 72906?
2
What is the hundreds digit of 21472749?
7
What is the thousands digit of 1002564?
2
What is the tens digit of 27129636?
3
What is the hundreds digit of 112590?
5
What is the thousands digit of 498846?
8
What is the tens digit of 23694394?
9
What is the units digit of 3247016?
6
What is the hundred thousands digit of 109544?
1
What is the tens digit of 126394?
9
What is the tens digit of 2227587?
8
What is the tens digit of 5632607?
0
What is the units digit of 2395511?
1
What is the thousands digit of 348699?
8
What is the hundred thousands digit of 1516049?
5
What is the hundreds digit of 504729?
7
What is the ten thousands digit of 7452722?
5
What is the ten thousands digit of 2933900?
3
What is the units digit of 450948?
8
What is the hundreds digit of 503928?
9
What is the tens digit of 166185?
8
What is the ten thousands digit of 3190192?
9
What is the hundred thousands digit of 137323?
1
What is the ten millions digit of 13724572?
1
What is the units digit of 173071?
1
What is the tens digit of 30786?
8
What is the tens digit of 525694?
9
What is the ten thousands digit of 34349?
3
What is the ten thousands digit of 61948?
6
What is the ten thousands digit of 3902464?
0
What is the thousands digit of 30871807?
1
What is the hundreds digit of 643481?
4
What is the hundred thousands digit of 187652?
1
What is the hundreds digit of 6240554?
5
What is the ten thousands digit of 650263?
5
What is the ten thousands digit of 311127?
1
What is the thousands digit of 242102?
2
What is the hundred thousands digit of 2303674?
3
What is the units digit of 31146606?
6
What is the tens digit of 2691734?
3
What is the thousands digit of 445647?
5
What is the hundreds digit of 1108746?
7
What is the hundred thousands digit of 265592?
2
What is the hundred thousands digit of 1295532?
2
What is the thousands digit of 773427?
3
What is the thousands digit of 62379?
2
What is the ten thousands digit of 7794286?
9
What is the ten thousands digit of 3746595?
4
What is the millions digit of 2085372?
2
What is the thousands digit of 337927?
7
What is the tens digit of 1956698?
9
What is the hundred thousands digit of 7062701?
0
What is the hundred thousands digit of 142328?
1
What is the units digit of 570967?
7
What is the ten thousands digit of 67352?
6
What is the tens digit of 2710318?
1
What is the hundreds digit of 4918171?
1
What is the tens digit of 56986?
8
What is the thousands digit of 1135660?
5
What is the tens digit of 2142117?
1
What is the thousands digit of 11675171?
5
What is the tens digit of 3999240?
4
What is the thousands digit of 2149994?
9
What is the thousands digit of 143716?
3
What is the millions digit of 2827173?
2
What is the millions digit of 19456302?
9
What is the tens digit of 431101?
0
What is the units digit of 363972?
2
What is the millions digit of 6155938?
6
What is the thousands digit of 3613468?
3
What is the ten thousands digit of 9586836?
8
What is the hundreds digit of 360276?
2
What is the thousands digit of 41815031?
5
What is the hundred thousands digit of 128498?
1
What is the units digit of 659744?
4
What is the hundreds digit of 252484?
4
What is the units digit of 4302506?
6
What is the thousands digit of 4166419?
6
What is the ten thousands digit of 132205?
3
What is the hundred thousands digit of 9439146?
4
What is the tens digit of 62113?
1
What is the thousands digit of 2572585?
2
What is the ten thousands digit of 21461531?
6
What is the hundreds digit of 241273?
2
What is the thousands digit of 200266?
0
What is the thousands digit of 6754779?
4
What is the hundreds digit of 2315401?
4
What is the ten thousands digit of 4472280?
7
What is the ten thousands digit of 108310?
0
What is the units digit of 237632?
2
What is the ten thousands digit of 44813?
4
What is the units digit of 861227?
7
What is the hundred thousands digit of 4963827?
9
What is the hundred thousands digit of 104492?
1
What is the hundreds digit of 1221922?
9
What is the hundred thousands digit of 902392?
9
What is the hundred thousands digit of 243106?
2
What is the ten thousands digit of 551878?
5
What is the tens digit of 132009?
0
What is the ten millions digit of 25989004?
2
What is the tens digit of 3778365?
6
What is the hundred thousands 